or of 10 and p.
10
Let t = -140 - -268. What is the highest common divisor of 16 and t?
16
Let w be -5 + (3 + 12 - -2). What is the highest common factor of w and 204?
12
Suppose 7*v - 2*v = 60. Let k(s) = -s**3 + 9*s**2 - 3*s + 7. Let f be k(7). What is the greatest common divisor of v and f?
12
Suppose -3*y + 285 = -t, -294 = -3*y - 2*t - 0*t. Let n be ((-1)/(-3))/(4/y). What is the highest common factor of n and 4?
4
Suppose 0 + 12 = 4*j. Suppose -3*o + 16 = -j*f - 23, 3*o - 71 = -5*f. Calculate the greatest common factor of 85 and o.
17
Let x be (-3 - -2)/(1/27). Let h be -1*(2 + x - 0). Let n be (-42)/(-5) - 10/h. What is the highest common factor of 8 and n?
8
Suppose 4*w + 29 = 3*p, 4*p + w + 2*w = 47. Calculate the highest common factor of p and 121.
11
Suppose -25 = -4*i + 3*i. Let c = 14 + -10. Let r be c + 0 + -3 + 4. Calculate the highest common factor of r and i.
5
Suppose 0 = -2*x + 3*x + 5. Let n be (1/5 + -1)*x. Let g be (-2)/11*(-10 - 1). Calculate the highest common factor of g and n.
2
Suppose 0 = 8*g - 11*g + 45. Calculate the greatest common divisor of 60 and g.
15
Let v = 10 - 6. Suppose -4*l = -3*l - 8. Let h be l/36 + (-644)/(-18). What is the greatest common factor of h and v?
4
Let f = 155 + -99. Calculate the greatest common divisor of f and 7.
7
Suppose -6*g = -4*g + 2. Let d = 3 - g. Suppose 330 = 3*u - d*c, -3*u - 4*c = 215 - 545. What is the greatest common divisor of 11 and u?
11
Let b(z) = z**3 + z + 28. Let f be b(0). What is the highest common divisor of 252 and f?
28
Let o(j) = 7*j - 26. Let q be o(8). Calculate the greatest common divisor of q and 10.
10
Suppose -5*r + 10 = -2*b, 5*r = -5*b + 2*b + 10. Let m be 4*-1 + r - -299. Suppose 343 = 5*d - m. Calculate the greatest common factor of 16 and d.
16
Suppose 2*q + 12 = 2. Let h = q + 17. Suppose 4*g = -4*w + 197 - 57, 0 = 4*g - 3*w - 147. What is the highest common factor of g and h?
12
Let t = 83 + -50. Calculate the greatest common divisor of t and 99.
33
Let f = 10 - 8. What is the greatest common divisor of f and 1?
1
Let o = 59 - 51. What is the highest common divisor of o and 72?
8
Suppose -4*p + 3*r + 72 = -0*p, 0 = -2*r. Let f be (-3)/5 - (-228)/5. What is the greatest common divisor of f and p?
9
Let m = 41 + -32. Calculate the greatest common factor of m and 108.
9
Suppose 3*o = 4 + 11. Let h be (-88)/(-6) - (-1)/3. What is the greatest common factor of h and o?
5
Let j = -7 + 12. Let c be ((-7)/4 + 1)/(12/(-32)). What is the greatest common factor of j and c?
1
Let b be -9*1*(3 + -7). What is the highest common factor of 24 and b?
12
Suppose -2*u - g + 85 = 0, -3*g = u - 6*g - 32. Let b = u + 47. Let d be 10 + -1 - (4 - 6). Calculate the highest common divisor of d and b.
11
Let m be 4/((-8)/(-10)) + -1. Suppose 6*t = 2*t - v + 668, -3*t - 3*v = -492. Suppose 0 = m*x - t + 24. What is the highest common factor of x and 9?
9
Let h = 21 - 15. Let z be (-2)/(-3) + 2/h. Let j be (-1)/(z*(-2)/4). Calculate the greatest common divisor of j and 18.
2
Let l = 27 + -31. Let u be (-29)/l - (-54)/72. What is the highest common factor of u and 56?
8
Let q(p) = -p**3 - 13*p**2 - 4*p - 10. Let d be q(-13). What is the highest common factor of d and 28?
14
Let y = 75 - 59. What is the highest common factor of y and 112?
16
Let t(z) be the first derivative of -3/2*z**2 + 1/3*z**3 + 1 + z. Let v be t(3). What is the greatest common divisor of v and 2?
1
Let o(s) = -8*s - 16. Let q be o(-5). What is the greatest common divisor of q and 192?
24
Suppose -2*z - 4 = 4, -3*y + 67 = -z. Let j = 112 + y. What is the highest common divisor of 19 and j?
19
Let r(u) = -5*u**3 - u**2 - 4*u. Let y be r(-3). Calculate the highest common factor of y and 23.
23
Let m be (-3 + 4 - -2) + -3. Suppose m*f - 4*f = -120. What is the greatest common divisor of f and 20?
10
Let b be (-848)/(-5) + (-2)/(-5). Suppose -2*n - 4*v = 62, 9*v + b = -5*n + 4*v. Let d = -1 - n. What is the highest common divisor of 54 and d?
18
Let i = -18 - -29. Let d = 17 + i. What is the greatest common divisor of d and 70?
14
Let c be 4 + 1 - 517/(-11). What is the highest common factor of c and 156?
52
Let q = 8 + -5. Suppose 2*m - q = -1. Calculate the highest common factor of 3 and m.
1
Let u = 4 + 1. Suppose -4*s = -u*f + 68, 0*f = -3*f - 4*s + 60. Suppose -55 = -5*b + 5*k, -2*b - k + 10 = k. What is the greatest common divisor of b and f?
8
Suppose 3*h - 4*g = 102, 5*g - 75 = 2*h - 5*h. Let d = 101 + -26. What is the greatest common divisor of h and d?
15
Suppose -4*u = 2*k + 4, -5*u = -2*k - 2*k - 21. Let f = u + 13. Let p be (-63)/((-7)/2 + 2). What is the highest common divisor of p and f?
14
Let l be -16 - 1*(-1 + 0). Let h = 25 + l. Suppose 0*m + 3*m = 5*v - 35, -4*v - m = -45. What is the greatest common factor of h and v?
10
Suppose 6*u = 3*u + 18. Suppose u*c - 65 = c. Suppose 10 = 4*g - 3*w - c, -3*g = -2*w - 17. Calculate the greatest common divisor of 15 and g.
5
Let m be 3*(784/3)/4. What is the highest common divisor of m and 28?
28
Let g be (1 + 0)*-2 + 164. Suppose -5*c + 58 = -g. Calculate the highest common divisor of c and 4.
4
Suppose q = 3*q. Suppose 0 = 3*a, -5*a - 12 = -q*b - 4*b. Suppose 3*h - 15 = 0, 6*d - 18 = b*d - 3*h. What is the highest common divisor of 8 and d?
1
Let u(c) = c**2 + 10*c + 9. Let m be u(-9). Suppose m = 3*t - 0*t - 1896. Let s be (-1)/5 + t/10. Calculate the highest common factor of 7 and s.
7
Suppose 104 = 5*r - 6. Suppose 103 = i - 5*o + r, -i - 2*o + 88 = 0. Suppose -2*j + 68 = -i. What is the greatest common divisor of 7 and j?
7
Suppose r - 28 = -r. Let p(l) = -7*l. Suppose 0 = 3*u + 3*m + 9, 2*m + 0*m - 24 = 4*u. Let f be p(u). Calculate the highest common factor of r and f.
7
Let m = 2 - 0. Let n be (m/(-8))/(3/(-12)). What is the greatest common divisor of 1 and n?
1
Suppose 4*u = 5*r + 144, -29 + 137 = 3*u - 4*r. Let b(t) = t**3 - 5*t**2 - 3*t - 4. Let v be b(6). Let m = 4 + v. What is the greatest common factor of u and m?
18
Suppose -5*b + 110 = 2*f - 36, -2*f = 4*b - 116. Let x = 74 - b. What is the greatest common factor of 110 and x?
22
Let p be 126/10 + 2/5. Let z = -93 + 145. What is the greatest common divisor of p and z?
13
Suppose s + 10 = 42. Calculate the highest common factor of s and 8.
8
Suppose u = 28 + 116. Calculate the highest common factor of u and 18.
18
Let v = -7 + 19. Let o = 196 + -160. What is the greatest common factor of o and v?
12
Suppose 3*i - 279 = 99. What is the greatest common divisor of i and 14?
14
Let g be (-2 + -10 + 0)*-1. What is the highest common divisor of 18 and g?
6
Let j(d) = 4*d**2 - 13*d - 2. Let a be j(5). Calculate the greatest common divisor of a and 44.
11
Let w be (-24)/156 + (-197)/(-13). What is the highest common divisor of w and 6?
3
Suppose -138 - 52 = -5*i. Suppose -i = -4*l + 14. Calculate the highest common factor of 52 and l.
13
Suppose -4*f + 91 = 3*d - 194, 2*d = -2*f + 140. What is the greatest common factor of 50 and f?
25
Let b be 342/12 + 6/4. What is the highest common divisor of 10 and b?
10
Let v = 16 - 4. Let f(j) = -j**3 + 5*j**2 + 5*j - 1. Let s be f(5). Calculate the highest common factor of s and v.
12
Suppose 30*c = 25*c + 75. Calculate the highest common divisor of 165 and c.
15
Suppose 4*h + 4*o = 224, 2*h - 4*o - 175 = -h. Suppose 0*i - 114 = -3*i. Calculate the highest common factor of i and h.
19
Let h(b) = b**2 - 2*b - 1. Let x be h(4). Calculate the greatest common divisor of x and 14.
7
Let n = -83 - -163. Let d = -46 - -62. Calculate the greatest common divisor of d and n.
16
Let f(h) = 2*h + 6. Let l be f(6). Suppose 3*t - 96 = -3*p, t - 20 = p + l. Let w = -1 + 15. What is the greatest common factor of w and t?
7
Let u be 1572/14 + (-2)/7. What is the greatest common factor of 16 and u?
16
Let g = 77 + -55. What is the highest common divisor of g and 11?
11
Let h(n) = 2*n + 5. Let g be (14 - 1) + 0/4. Let u be h(g). Let m = -18 + u. What is the highest common divisor of m and 143?
13
Let k = -7 + 13. What is the greatest common factor of k and 15?
3
Suppose -3*z + 5*c - 39 = 0, -3*c - 2*c - 51 = 2*z. Let m be z*(11/(-2) - -2). Calculate the greatest common divisor of 9 and m.
9
Let v be (2 - (0 + 2)) + 1 + 4. Calculate the greatest common factor of v and 